{"id":9,"date":"2019-09-11T12:48:10","date_gmt":"2019-09-11T09:48:10","guid":{"rendered":"http:\/\/192.168.99.100:8000\/?page_id=9"},"modified":"2021-03-07T10:40:19","modified_gmt":"2021-03-07T10:40:19","slug":"bosphorus","status":"publish","type":"page","link":"https:\/\/www.bosphorus.fi\/?page_id=9","title":{"rendered":"Bosphorus"},"content":{"rendered":"\n<p class=\"has-text-align-justify\">Bosphorus-symbaalit ovat alkuper\u00e4isell\u00e4 turkkilaisella k\u00e4sity\u00f6perinteell\u00e4 valmistettuja laatusymbaaleja. Ne valmistetaan edelleen alusta loppuun saakka samalla 100% k\u00e4sity\u00f6menetelm\u00e4ll\u00e4 kuten maineikkaat A ja K Zildjian symbaalit aikanaan. N\u00e4iden symbaalien hienovireinen, syv\u00e4, l\u00e4mmin&nbsp;ja herk\u00e4sti syttyv\u00e4 sointi on ker\u00e4nnyt ansaitsemansa suosion ymp\u00e4ri maailman.<\/p>\n\n\n\n<p class=\"has-text-align-justify\">Suomen maahantuojana valikoin omak\u00e4tisesti kaikki myyntiin tulevat symbaalit ja annan niille valmistusvirhetakuun. Bosphorus-symbaalit ovat hyvin kest\u00e4v\u00e4\u00e4 ja ammattitaidolla k\u00e4sitelty\u00e4 B20 pronssiseosta. Se valmistetaan tehtaan omassa valimossa ja symbaalinvalmistusperinteelle ominaiseen tapaan he pit\u00e4v\u00e4t seoksen tarkan kaavan salaisena.<\/p>\n\n\n\n<p class=\"has-text-align-justify\">Bosphoruksella on laaja valikoima sointis\u00e4vyilt\u00e4\u00e4n ja ominaisuuksiltaan erilaisia symbaalisarjoja. My\u00f6s monia kehittelemi\u00e4ni symbaalimalleja on jatkuvasti valikoimissa. Symbaaleja on saatavana kaikkiin k\u00e4ytt\u00f6tarkoituksiin, mit\u00e4 tyylilajia tai mill\u00e4 tavalla sitten soittaakaan. Paksuuksia on saatavilla hyvin ohuista hyvin paksuihin ja \u00e4\u00e4nen s\u00e4vyilt\u00e4\u00e4n \u00e4\u00e4rimm\u00e4isen tummista \u00e4\u00e4rimm\u00e4isen kirkkaisiin. Samaan tapaan valikoima kattaa symbaaleja \u00e4\u00e4nenvoimakkuuksiltaan hillityist\u00e4 reippaan \u00e4\u00e4nekk\u00e4isiin.<\/p>\n\n\n\n<h2 class=\"wp-block-heading\"><strong>Paksuusluokituksesta<\/strong><\/h2>\n\n\n\n<p class=\"has-text-align-justify\">Bosphoruksen paksuusluokitus on selke\u00e4 ja hienovarainen. Se on ker\u00e4nnyt paljon kiitosta k\u00e4ytt\u00e4jien keskuudessa. Kun luokitusta oppii hahmottamaan on paljon helpompaa ja turvallisempaa tehd\u00e4 valintoja omiin k\u00e4ytt\u00f6tarkoituksiinsa. Luokitustermin lis\u00e4ksi jokaisen symbaalin kuvun alapinnassa on grammamerkint\u00e4.<\/p>\n\n\n\n<p class=\"has-text-align-justify\">Alla esimerkki 20&#8243; Ride symbaalin paksuusluokituksista ja maininnat mist\u00e4 sarjoista kutakin paksuutta on yleisimmin saatavilla. Yleisest\u00e4 luokituksesta poikkeavia erikoisyksil\u00f6it\u00e4 voi kuitenkin l\u00f6yty\u00e4 useista eri sarjoista koskien kaikkia Bosphorus &#8211; symbaaleja.<br><br>\u25b8 Ultra thin 1450g-1600g<br><em>Master, Black Pearl<\/em><br><br>\u25b8 Special thin 1600g-1750g<br><em>Master, Master Vintage, Black Pearl, Samba, Jazz Master<\/em><br><br>\u25b8 Paper thin 1750g-1900g<br><em>Traditional, Turk, New Orleans, 20th Anniversary, Master Vintage, Syncopation<\/em><br><br>\u25b8 Thin 1900g-2100g<br><em>Traditional, Antique, Turk, New Orleans, Syncopation, 20th Anniversary<\/em><br><br>\u25b8 Medium thin 2100g-2250g<br><em>Traditional, Antique, Turk<\/em><br><br>\u25b8 Medium 2250g-2400g<br><em>Traditional, Turk, Antique<\/em><br><br>\u25b8 Medium heavy 2400g-2600g<br><em>Traditional, Gold, Latin<\/em><br><br>\u25b8 Heavy 2600g-2800g<br><em>Gold<\/em><\/p>\n\n\n<pre>&nbsp;<\/pre>\n\n\n<p><\/p>\n","protected":false},"excerpt":{"rendered":"<p>Bosphorus-symbaalit ovat alkuper\u00e4isell\u00e4 turkkilaisella k\u00e4sity\u00f6perinteell\u00e4 valmistettuja laatusymbaaleja. Ne valmistetaan edelleen alusta loppuun saakka samalla 100% k\u00e4sity\u00f6menetelm\u00e4ll\u00e4 kuten maineikkaat A ja K Zildjian symbaalit aikanaan. N\u00e4iden symbaalien hienovireinen, syv\u00e4, l\u00e4mmin&nbsp;ja herk\u00e4sti syttyv\u00e4 sointi on ker\u00e4nnyt ansaitsemansa suosion ymp\u00e4ri maailman. Suomen maahantuojana valikoin omak\u00e4tisesti kaikki myyntiin tulevat symbaalit ja annan niille valmistusvirhetakuun. Bosphorus-symbaalit ovat hyvin kest\u00e4v\u00e4\u00e4 ja &hellip; <\/p>\n<p class=\"link-more\"><a href=\"https:\/\/www.bosphorus.fi\/?page_id=9\" class=\"more-link\">Jatka lukemista<span class=\"screen-reader-text\"> &#8221;Bosphorus&#8221;<\/span><\/a><\/p>\n","protected":false},"author":1,"featured_media":0,"parent":0,"menu_order":0,"comment_status":"closed","ping_status":"closed","template":"page_bosphorus.php","meta":{"_editorskit_title_hidden":false,"_editorskit_reading_time":1,"_editorskit_is_block_options_detached":false,"_editorskit_block_options_position":"{}","footnotes":""},"class_list":["post-9","page","type-page","status-publish","hentry","entry"],"_links":{"self":[{"href":"https:\/\/www.bosphorus.fi\/index.php?rest_route=\/wp\/v2\/pages\/9","targetHints":{"allow":["GET"]}}],"collection":[{"href":"https:\/\/www.bosphorus.fi\/index.php?rest_route=\/wp\/v2\/pages"}],"about":[{"href":"https:\/\/www.bosphorus.fi\/index.php?rest_route=\/wp\/v2\/types\/page"}],"author":[{"embeddable":true,"href":"https:\/\/www.bosphorus.fi\/index.php?rest_route=\/wp\/v2\/users\/1"}],"replies":[{"embeddable":true,"href":"https:\/\/www.bosphorus.fi\/index.php?rest_route=%2Fwp%2Fv2%2Fcomments&post=9"}],"version-history":[{"count":52,"href":"https:\/\/www.bosphorus.fi\/index.php?rest_route=\/wp\/v2\/pages\/9\/revisions"}],"predecessor-version":[{"id":2636,"href":"https:\/\/www.bosphorus.fi\/index.php?rest_route=\/wp\/v2\/pages\/9\/revisions\/2636"}],"wp:attachment":[{"href":"https:\/\/www.bosphorus.fi\/index.php?rest_route=%2Fwp%2Fv2%2Fmedia&parent=9"}],"curies":[{"name":"wp","href":"https:\/\/api.w.org\/{rel}","templated":true}]}}