{"id":88,"date":"2019-09-11T18:57:15","date_gmt":"2019-09-11T15:57:15","guid":{"rendered":"http:\/\/192.168.99.100:8000\/?page_id=87"},"modified":"2025-06-05T20:32:39","modified_gmt":"2025-06-05T20:32:39","slug":"black-pearl","status":"publish","type":"page","link":"https:\/\/www.bosphorus.fi\/?page_id=88","title":{"rendered":"Black Pearl"},"content":{"rendered":"\n<p class=\"has-text-align-justify\"><em><strong>Black Pearl-sarja<\/strong> <\/em>I<em> S\u00e4vyn ja tuntuman hienostunut yhdistelm\u00e4. Kontrolloitu reagointi ja vaivaton soitettavuus.<\/em><br><br>Black Pearl-sarja on suunniteltu yhdist\u00e4m\u00e4\u00e4n Master Vintage-sarjan selke\u00e4n kapulasoinnin Master-sarjan rikkaaseen yleissointiin. N\u00e4iden symbaalien kontrolloitu reagointikyky ja merkitt\u00e4v\u00e4n vaivaton soitettavuus saavat aikaan s\u00e4vyn ja soittotuntuman hienostuneen yhdistelm\u00e4n.<\/p>\n\n\n<div class=\"wp-block-image\">\n<figure class=\"aligncenter size-large\"><img loading=\"lazy\" decoding=\"async\" width=\"1024\" height=\"900\" src=\"https:\/\/www.bosphorus.fi\/wp-content\/uploads\/Bp22m1-1024x900.jpg\" alt=\"\" class=\"wp-image-840\" srcset=\"https:\/\/www.bosphorus.fi\/wp-content\/uploads\/Bp22m1-1024x900.jpg 1024w, https:\/\/www.bosphorus.fi\/wp-content\/uploads\/Bp22m1-300x264.jpg 300w, https:\/\/www.bosphorus.fi\/wp-content\/uploads\/Bp22m1-768x675.jpg 768w, https:\/\/www.bosphorus.fi\/wp-content\/uploads\/Bp22m1.jpg 1326w\" sizes=\"auto, (max-width: 1024px) 100vw, 1024px\" \/><figcaption class=\"wp-element-caption\"><strong><span class=\"has-inline-color has-dark-gray-color\">22&#8243; Black Pearl<\/span><\/strong><\/figcaption><\/figure>\n<\/div>\n\n\n<figure class=\"wp-block-table alignwide is-style-stripes\"><table><tbody><tr><td><strong>Koko<\/strong><\/td><td><strong>Tyyppi, malli ja paino<\/strong><\/td><td><strong>Varastohinta, ei sis\u00e4ll\u00e4 ALVia<\/strong><\/td><td><strong>Lis\u00e4tietoja<\/strong><\/td><\/tr><tr><td>24&#8243;<\/td><td>paper thin 2820g<\/td><td>485 e<\/td><td>esittelyk\u00e4ytetty<\/td><\/tr><tr><td>24&#8243;<\/td><td>ultra thin 2470g<\/td><td>485 e<\/td><td>esittelyk\u00e4ytetty<\/td><\/tr><tr><td>22&#8243;<\/td><td>ultra thin 1910g<\/td><td>485 e<\/td><td>esittelyk\u00e4ytetty<\/td><\/tr><tr><td>20&#8243;<\/td><td>paperthin 17??g<\/td><td>375 e<\/td><td><\/td><\/tr><tr><td>20&#8243;<\/td><td>ultra thin 1385g<\/td><td>445 e<\/td><td>esittelyk\u00e4ytetty<\/td><\/tr><tr><td><\/td><td><\/td><td><\/td><td><em>lis\u00e4\u00e4 kokoja, malleja ja tyyppej\u00e4 on saatavana tilauksesta<\/em><\/td><\/tr><\/tbody><\/table><\/figure>\n","protected":false},"excerpt":{"rendered":"<p>Black Pearl-sarja I S\u00e4vyn ja tuntuman hienostunut yhdistelm\u00e4. Kontrolloitu reagointi ja vaivaton soitettavuus. Black Pearl-sarja on suunniteltu yhdist\u00e4m\u00e4\u00e4n Master Vintage-sarjan selke\u00e4n kapulasoinnin Master-sarjan rikkaaseen yleissointiin. N\u00e4iden symbaalien kontrolloitu reagointikyky ja merkitt\u00e4v\u00e4n vaivaton soitettavuus saavat aikaan s\u00e4vyn ja soittotuntuman hienostuneen yhdistelm\u00e4n. Koko Tyyppi, malli ja paino Varastohinta, ei sis\u00e4ll\u00e4 ALVia Lis\u00e4tietoja 24&#8243; paper thin 2820g 485 &hellip; <\/p>\n<p class=\"link-more\"><a href=\"https:\/\/www.bosphorus.fi\/?page_id=88\" class=\"more-link\">Jatka lukemista<span class=\"screen-reader-text\"> &#8221;Black Pearl&#8221;<\/span><\/a><\/p>\n","protected":false},"author":1,"featured_media":0,"parent":9,"menu_order":0,"comment_status":"closed","ping_status":"closed","template":"page_bosphorus.php","meta":{"_editorskit_title_hidden":false,"_editorskit_reading_time":1,"_editorskit_is_block_options_detached":false,"_editorskit_block_options_position":"{}","footnotes":""},"class_list":["post-88","page","type-page","status-publish","hentry","entry"],"_links":{"self":[{"href":"https:\/\/www.bosphorus.fi\/index.php?rest_route=\/wp\/v2\/pages\/88","targetHints":{"allow":["GET"]}}],"collection":[{"href":"https:\/\/www.bosphorus.fi\/index.php?rest_route=\/wp\/v2\/pages"}],"about":[{"href":"https:\/\/www.bosphorus.fi\/index.php?rest_route=\/wp\/v2\/types\/page"}],"author":[{"embeddable":true,"href":"https:\/\/www.bosphorus.fi\/index.php?rest_route=\/wp\/v2\/users\/1"}],"replies":[{"embeddable":true,"href":"https:\/\/www.bosphorus.fi\/index.php?rest_route=%2Fwp%2Fv2%2Fcomments&post=88"}],"version-history":[{"count":43,"href":"https:\/\/www.bosphorus.fi\/index.php?rest_route=\/wp\/v2\/pages\/88\/revisions"}],"predecessor-version":[{"id":3004,"href":"https:\/\/www.bosphorus.fi\/index.php?rest_route=\/wp\/v2\/pages\/88\/revisions\/3004"}],"up":[{"embeddable":true,"href":"https:\/\/www.bosphorus.fi\/index.php?rest_route=\/wp\/v2\/pages\/9"}],"wp:attachment":[{"href":"https:\/\/www.bosphorus.fi\/index.php?rest_route=%2Fwp%2Fv2%2Fmedia&parent=88"}],"curies":[{"name":"wp","href":"https:\/\/api.w.org\/{rel}","templated":true}]}}