{"id":85,"date":"2019-09-11T18:55:44","date_gmt":"2019-09-11T15:55:44","guid":{"rendered":"http:\/\/192.168.99.100:8000\/?page_id=85"},"modified":"2025-06-05T20:03:58","modified_gmt":"2025-06-05T20:03:58","slug":"master-vintage-series","status":"publish","type":"page","link":"https:\/\/www.bosphorus.fi\/?page_id=85","title":{"rendered":"Master Vintage"},"content":{"rendered":"\n<p class=\"has-text-align-justify\"><em><strong>Master Vintage-sarja<\/strong> <\/em>I<em> Luonnollisen tumma ja kuiva perussointi, tarkka artikulaatio.<\/em><br><br>Master Vintage-sarja edustaa Bosphoruksen symbaalien valmistuksen ihannetta. N\u00e4iden kauniiden ja monis\u00e4vyisten instrumenttien valmistuksessa ei ole tehty kompromisseja. Ne tarjoavat maanl\u00e4heisen tumman ja kuivan perussoinnin tarkalla artikulaatiolla. Jylisev\u00e4n matalalla perustalla lep\u00e4\u00e4 korkeiden yl\u00e4taajuuksien hehkuva sarja, joka syttyy herk\u00e4sti jokaisen aksentti- ja kupuiskun my\u00f6t\u00e4. Ride-symbaalien kohina on merkitt\u00e4v\u00e4n moniulotteinen.<\/p>\n\n\n<div class=\"wp-block-image\">\n<figure class=\"aligncenter size-large is-resized\"><img loading=\"lazy\" decoding=\"async\" width=\"1024\" height=\"920\" src=\"https:\/\/www.bosphorus.fi\/wp-content\/uploads\/BOS21mv1b-1024x920.jpg\" alt=\"\" class=\"wp-image-686\" style=\"width:640px;height:575px\" srcset=\"https:\/\/www.bosphorus.fi\/wp-content\/uploads\/BOS21mv1b-1024x920.jpg 1024w, https:\/\/www.bosphorus.fi\/wp-content\/uploads\/BOS21mv1b-300x270.jpg 300w, https:\/\/www.bosphorus.fi\/wp-content\/uploads\/BOS21mv1b-768x690.jpg 768w, https:\/\/www.bosphorus.fi\/wp-content\/uploads\/BOS21mv1b.jpg 1499w\" sizes=\"auto, (max-width: 1024px) 100vw, 1024px\" \/><figcaption class=\"wp-element-caption\"><strong><span class=\"has-inline-color has-dark-gray-color\">20&#8243; Master Vintage<\/span><\/strong><\/figcaption><\/figure>\n<\/div>\n\n\n<figure class=\"wp-block-table alignwide is-style-stripes\"><table><tbody><tr><td><strong>Koko<\/strong><\/td><td><strong>Tyyppi, malli ja paino<\/strong><\/td><td><strong><strong>Varastohinta, ei sis\u00e4ll\u00e4 ALVia<\/strong><\/strong><\/td><td><strong>Lis\u00e4tietoja<\/strong><\/td><\/tr><tr><td>24&#8243;<\/td><td>thin 3116g<\/td><td>400 e<\/td><td>esittelyk\u00e4ytetty TARJOUS<\/td><\/tr><tr><td>24&#8243;<\/td><td>ultra thin 2483g<\/td><td>550 e<\/td><td>esittelyk\u00e4ytetty<\/td><\/tr><tr><td>22&#8243;<\/td><td>special thin 2220g<\/td><td>445 e<\/td><td>esittelyk\u00e4ytetty<\/td><\/tr><tr><td>22&#8243;<\/td><td>paper thin 2166g<\/td><td>445 e<\/td><td><\/td><\/tr><tr><td>22&#8243;<\/td><td>ultra thin 1968g<\/td><td>495 e<\/td><td>esittelyk\u00e4ytetty<\/td><\/tr><tr><td>20&#8243;<\/td><td>special thin 1600g<\/td><td>380 e<\/td><td>esittelyk\u00e4ytetty<\/td><\/tr><tr><td>20&#8243;<\/td><td>Flat Ride special thin 1780g<\/td><td>380 e<\/td><td>esittelyk\u00e4ytetty<\/td><\/tr><tr><td>19&#8243;<\/td><td>special thin 1615g <\/td><td>335 e<\/td><td>leimaton vanha esittelyk\u00e4ytetty VARATTU<\/td><\/tr><tr><td>15&#8243;<\/td><td>Hihat 1006g\/1194g<\/td><td>456 e<\/td><td>esittelyk\u00e4ytetty<\/td><\/tr><tr><td>14&#8243;<\/td><td>Hihat 782g\/1017g<\/td><td>398 e<\/td><td>esittelyk\u00e4ytetty<\/td><\/tr><tr><td>13&#8243;<\/td><td>Hihat<\/td><td>365 e<\/td><td>jos kiinnostaa niin ota yhteys!<\/td><\/tr><tr><td><\/td><td><\/td><td><\/td><td><em>lis\u00e4\u00e4 kokoja, malleja ja tyyppej\u00e4 on saatavana tilauksesta<\/em><\/td><\/tr><\/tbody><\/table><\/figure>\n\n\n\n<p><\/p>\n","protected":false},"excerpt":{"rendered":"<p>Master Vintage-sarja I Luonnollisen tumma ja kuiva perussointi, tarkka artikulaatio. Master Vintage-sarja edustaa Bosphoruksen symbaalien valmistuksen ihannetta. N\u00e4iden kauniiden ja monis\u00e4vyisten instrumenttien valmistuksessa ei ole tehty kompromisseja. Ne tarjoavat maanl\u00e4heisen tumman ja kuivan perussoinnin tarkalla artikulaatiolla. Jylisev\u00e4n matalalla perustalla lep\u00e4\u00e4 korkeiden yl\u00e4taajuuksien hehkuva sarja, joka syttyy herk\u00e4sti jokaisen aksentti- ja kupuiskun my\u00f6t\u00e4. Ride-symbaalien kohina on &hellip; <\/p>\n<p class=\"link-more\"><a href=\"https:\/\/www.bosphorus.fi\/?page_id=85\" class=\"more-link\">Jatka lukemista<span class=\"screen-reader-text\"> &#8221;Master Vintage&#8221;<\/span><\/a><\/p>\n","protected":false},"author":1,"featured_media":0,"parent":9,"menu_order":0,"comment_status":"closed","ping_status":"closed","template":"page_bosphorus.php","meta":{"_editorskit_title_hidden":false,"_editorskit_reading_time":1,"_editorskit_is_block_options_detached":false,"_editorskit_block_options_position":"{}","footnotes":""},"class_list":["post-85","page","type-page","status-publish","hentry","entry"],"_links":{"self":[{"href":"https:\/\/www.bosphorus.fi\/index.php?rest_route=\/wp\/v2\/pages\/85","targetHints":{"allow":["GET"]}}],"collection":[{"href":"https:\/\/www.bosphorus.fi\/index.php?rest_route=\/wp\/v2\/pages"}],"about":[{"href":"https:\/\/www.bosphorus.fi\/index.php?rest_route=\/wp\/v2\/types\/page"}],"author":[{"embeddable":true,"href":"https:\/\/www.bosphorus.fi\/index.php?rest_route=\/wp\/v2\/users\/1"}],"replies":[{"embeddable":true,"href":"https:\/\/www.bosphorus.fi\/index.php?rest_route=%2Fwp%2Fv2%2Fcomments&post=85"}],"version-history":[{"count":65,"href":"https:\/\/www.bosphorus.fi\/index.php?rest_route=\/wp\/v2\/pages\/85\/revisions"}],"predecessor-version":[{"id":2992,"href":"https:\/\/www.bosphorus.fi\/index.php?rest_route=\/wp\/v2\/pages\/85\/revisions\/2992"}],"up":[{"embeddable":true,"href":"https:\/\/www.bosphorus.fi\/index.php?rest_route=\/wp\/v2\/pages\/9"}],"wp:attachment":[{"href":"https:\/\/www.bosphorus.fi\/index.php?rest_route=%2Fwp%2Fv2%2Fmedia&parent=85"}],"curies":[{"name":"wp","href":"https:\/\/api.w.org\/{rel}","templated":true}]}}