{"id":79,"date":"2019-09-11T18:48:18","date_gmt":"2019-09-11T15:48:18","guid":{"rendered":"http:\/\/192.168.99.100:8000\/?page_id=79"},"modified":"2025-06-05T19:21:14","modified_gmt":"2025-06-05T19:21:14","slug":"special3-syncopation","status":"publish","type":"page","link":"https:\/\/www.bosphorus.fi\/?page_id=79","title":{"rendered":"Syncopation\/Special3"},"content":{"rendered":"\n<p class=\"has-text-align-justify\"><em><strong>Syncopation-sarja<\/strong> <\/em>I<em> Runsas taonta tarjoaa rikkaat yl\u00e4taajuudet ja voimakkaan soinnin.<\/em><br><br>Linjasto on saatavana kahdella eri pintak\u00e4sittelyll\u00e4: perinteiseen tyyliin sorvattu ja hiekkapesumenetelm\u00e4ll\u00e4 k\u00e4sitelty &#8221;SW&#8221; versio. Kumpikin variaatio on toteutettu runsaalla taonnalla ja t\u00e4m\u00e4 antaa n\u00e4ille symbaaleille voimakkaan p\u00e4\u00e4llek\u00e4yv\u00e4n ja moniulotteisilla yl\u00e4taajuuksilla varustetun soinnin. Perinteisesti sorvattu versio soi pidemp\u00e4\u00e4n, kun taas \u201dSW\u201d malli tarjoaa selke\u00e4mm\u00e4n kapulasoinnin erottelevuuden.<\/p>\n\n\n\n<p class=\"has-text-align-justify\">Vuonna 2006 toteutimme yhteisty\u00f6ss\u00e4 Bosphorus Companyn kanssa suunnittelemani Special3-sarjan, jotka ovat n\u00e4iden symbaalien alkuper\u00e4isi\u00e4 versioita. Valmistaja virallisti linjaston vuonna 2016 ja silloin se sai nykyisen nimens\u00e4 Syncopation. T\u00e4m\u00e4n nykyisen virallisen linjaston valikoima on paksuuksiltaan rajattu ja t\u00e4st\u00e4 johtuen symbaaleja on saatavilla kauttani laajemmin eri paksuuksina.<\/p>\n\n\n\n<p><\/p>\n\n\n<div class=\"wp-block-image\">\n<figure class=\"aligncenter size-large\"><img loading=\"lazy\" decoding=\"async\" width=\"1024\" height=\"946\" src=\"https:\/\/www.bosphorus.fi\/wp-content\/uploads\/Sync20b-1024x946.jpg\" alt=\"\" class=\"wp-image-780\" srcset=\"https:\/\/www.bosphorus.fi\/wp-content\/uploads\/Sync20b-1024x946.jpg 1024w, https:\/\/www.bosphorus.fi\/wp-content\/uploads\/Sync20b-300x277.jpg 300w, https:\/\/www.bosphorus.fi\/wp-content\/uploads\/Sync20b-768x710.jpg 768w, https:\/\/www.bosphorus.fi\/wp-content\/uploads\/Sync20b-1536x1419.jpg 1536w, https:\/\/www.bosphorus.fi\/wp-content\/uploads\/Sync20b-1568x1449.jpg 1568w, https:\/\/www.bosphorus.fi\/wp-content\/uploads\/Sync20b.jpg 1592w\" sizes=\"auto, (max-width: 1024px) 100vw, 1024px\" \/><figcaption class=\"wp-element-caption\"><strong><span class=\"has-inline-color has-dark-gray-color\">20&#8243; Syncopation<\/span><\/strong> <\/figcaption><\/figure>\n<\/div>\n\n<div class=\"wp-block-image\">\n<figure class=\"aligncenter size-large is-resized\"><img loading=\"lazy\" decoding=\"async\" width=\"1024\" height=\"814\" src=\"https:\/\/www.bosphorus.fi\/wp-content\/uploads\/SySWset2015m1-1024x814.jpg\" alt=\"\" class=\"wp-image-782\" style=\"width:824px;height:654px\" srcset=\"https:\/\/www.bosphorus.fi\/wp-content\/uploads\/SySWset2015m1-1024x814.jpg 1024w, https:\/\/www.bosphorus.fi\/wp-content\/uploads\/SySWset2015m1-300x238.jpg 300w, https:\/\/www.bosphorus.fi\/wp-content\/uploads\/SySWset2015m1-768x610.jpg 768w, https:\/\/www.bosphorus.fi\/wp-content\/uploads\/SySWset2015m1.jpg 1355w\" sizes=\"auto, (max-width: 1024px) 100vw, 1024px\" \/><figcaption class=\"wp-element-caption\"><strong><span class=\"has-inline-color has-dark-gray-color\">20&#8243; Syncopation SW ja 15&#8243; Syncopation SW hihat<\/span><\/strong><\/figcaption><\/figure>\n<\/div>\n\n<div class=\"wp-block-image\">\n<figure class=\"aligncenter size-large is-resized\"><img loading=\"lazy\" decoding=\"async\" width=\"1024\" height=\"950\" src=\"https:\/\/www.bosphorus.fi\/wp-content\/uploads\/Sp3SWm1-1024x950.jpg\" alt=\"\" class=\"wp-image-1991\" style=\"width:668px;height:619px\" srcset=\"https:\/\/www.bosphorus.fi\/wp-content\/uploads\/Sp3SWm1-1024x950.jpg 1024w, https:\/\/www.bosphorus.fi\/wp-content\/uploads\/Sp3SWm1-300x278.jpg 300w, https:\/\/www.bosphorus.fi\/wp-content\/uploads\/Sp3SWm1-768x712.jpg 768w, https:\/\/www.bosphorus.fi\/wp-content\/uploads\/Sp3SWm1.jpg 1325w\" sizes=\"auto, (max-width: 1024px) 100vw, 1024px\" \/><figcaption class=\"wp-element-caption\"><strong><span class=\"has-inline-color has-dark-gray-color\">22&#8243; Special3 SW<\/span><\/strong><\/figcaption><\/figure>\n<\/div>\n\n\n<figure class=\"wp-block-table alignwide is-style-stripes\"><table><tbody><tr><td><strong>Koko<\/strong><\/td><td><strong>Tyyppi, malli ja paino<\/strong><\/td><td><strong>Varastohinta, ei sis\u00e4ll\u00e4 ALVia<\/strong><\/td><td><strong>Lis\u00e4tietoja<\/strong><\/td><\/tr><tr><td>24&#8243;<\/td><td>Special3 thin 3150g<\/td><td>450 e<\/td><td>Tarjous, esittelyk\u00e4ytetty<\/td><\/tr><tr><td>24&#8243;<\/td><td>Special3 thin 3096g<\/td><td>450 e<\/td><td>Tarjous, esittelyk\u00e4ytetty<\/td><\/tr><tr><td>24&#8243;<\/td><td>Special3 SW 3195g<\/td><td>450 e<\/td><td>Tarjous, esittelyk\u00e4ytetty<\/td><\/tr><tr><td>24&#8243;<\/td><td>Special3 SW 3062g<\/td><td>450 e<\/td><td>Tarjous, esittelyk\u00e4ytetty<\/td><\/tr><tr><td>24&#8243;<\/td><td>Special3 SW ultra thin 2440g<\/td><td>650 e<\/td><td>vanha alkuaikojen harvinainen prototyyppi<\/td><\/tr><tr><td>22&#8243;<\/td><td>Special3 2790g<\/td><td>550 e<\/td><td>vanha alkuaikojen harvinainen prototyyppi<\/td><\/tr><tr><td>22&#8243;<\/td><td>Special3 2486g<\/td><td>475 e<\/td><td>vanha esittelyk\u00e4ytetty<\/td><\/tr><tr><td>22&#8243;<\/td><td>Special3 2465g<\/td><td>550 e<\/td><td>vanha alkuaikojen harvinainen prototyyppi<\/td><\/tr><tr><td>22&#8243;<\/td><td>Special3 2430g<\/td><td>475 e<\/td><td>vanha esittelyk\u00e4ytetty<\/td><\/tr><tr><td>22&#8243;<\/td><td>Special3 2348g<\/td><td>475 e<\/td><td>esittelyk\u00e4ytetty<\/td><\/tr><tr><td>22&#8243;<\/td><td>Special3 2366g<\/td><td>475 e<\/td><td>vanha esittelyk\u00e4ytetty<\/td><\/tr><tr><td>22&#8243;<\/td><td>Special3 2260g<\/td><td>550 e<\/td><td>vanha alkuaikojen harvinainen prototyyppi<\/td><\/tr><tr><td>22&#8243;<\/td><td>Special3 2240g<\/td><td>475 e<\/td><td>esittelyk\u00e4ytetty<\/td><\/tr><tr><td>22&#8243;<\/td><td>Syncopation SW 2320g<\/td><td>550 e<\/td><td>vanha alkuaikojen harvinainen prototyyppi<\/td><\/tr><tr><td>22&#8243;<\/td><td>Special3 SW 2320g<\/td><td>475 e<\/td><td>esittelyk\u00e4ytetty<\/td><\/tr><tr><td>21&#8243;<\/td><td>Special3 2280g<\/td><td>435 e<\/td><td>esittelyk\u00e4ytetty<\/td><\/tr><tr><td>20&#8243;<\/td><td>Special3 2368g<\/td><td>450 e<\/td><td>vanha alkuaikojen harvinainen prototyyppi<\/td><\/tr><tr><td>20&#8243;<\/td><td>Syncopation SW 2032g<\/td><td>395 e<\/td><td><\/td><\/tr><tr><td>20&#8243;<\/td><td>Special3 1940g<\/td><td>395 e<\/td><td>esittelyk\u00e4ytetty<\/td><\/tr><tr><td>20&#8243;<\/td><td>Special3 1914g<\/td><td>395 e<\/td><td>esittelyk\u00e4ytetty<\/td><\/tr><tr><td>20&#8243;<\/td><td>Syncopation 1850g<\/td><td>395 e<\/td><td>esittelyk\u00e4ytetty<\/td><\/tr><tr><td>20&#8243;<\/td><td>Syncopation 1830g<\/td><td>395 e<\/td><td><\/td><\/tr><tr><td>20&#8243;<\/td><td>Special3 1750g<\/td><td>450 e<\/td><td>vanha alkuaikojen harvinainen prototyyppi<\/td><\/tr><tr><td>19&#8243;<\/td><td>Special3 thin 1526g<\/td><td>420 e<\/td><td>vanha alkuaikojen harvinainen prototyyppi<\/td><\/tr><tr><td>18&#8243;<\/td><td>Special3 1416g<\/td><td>295 e<\/td><td>esittelyk\u00e4ytetty<\/td><\/tr><tr><td>18&#8243;<\/td><td>Special3 medium thin 1420g <\/td><td>295 e<\/td><td>esittelyk\u00e4ytetty<\/td><\/tr><tr><td>18&#8243;<\/td><td>Special3 thin 1356g<\/td><td>295 e<\/td><td>esittelyk\u00e4ytetty<\/td><\/tr><tr><td>18&#8243;<\/td><td>Special3 1326g<\/td><td>330 e<\/td><td>esittelyk\u00e4ytetty<\/td><\/tr><tr><td>18&#8243;<\/td><td>Special3 SW 1310g<\/td><td>380 e<\/td><td>vanha alkuaikojen harvinainen prototyyppi<\/td><\/tr><tr><td>18&#8243;<\/td><td>Special3 SW 1300g<\/td><td>330 e<\/td><td>VARATTU<\/td><\/tr><tr><td>18&#8243;<\/td><td>Special3 SW 1460g<\/td><td>295 e<\/td><td>esittelyk\u00e4ytetty<\/td><\/tr><tr><td>18&#8243;<\/td><td>Special3 1236g<\/td><td>330 e<\/td><td>esittelyk\u00e4ytetty<\/td><\/tr><tr><td>17&#8243;<\/td><td>Special3 paper thin 993g&nbsp;<\/td><td>265 e<\/td><td>esittelyk\u00e4ytetty<\/td><\/tr><tr><td>16&#8243;<\/td><td>Special3 thin 938g<\/td><td>265 e<\/td><td>esittelyk\u00e4ytetty<\/td><\/tr><tr><td>16&#8243;<\/td><td>Syncopation hihat 1026g\/1370g<\/td><td>485 e<\/td><td>esittelyk\u00e4ytetty<\/td><\/tr><tr><td>16&#8243;<\/td><td>Syncopation hihat 1025g\/1276g<\/td><td>485 e<\/td><td>esittelyk\u00e4ytetty<\/td><\/tr><tr><td>16&#8243;<\/td><td>Syncopation hihat 912g\/1408g<\/td><td>485 e<\/td><td><\/td><\/tr><tr><td>15&#8243;<\/td><td>Syncopation SW hihat 1139g\/1342g<\/td><td>455 e<\/td><td>esittelyk\u00e4ytetty<\/td><\/tr><tr><td>15&#8243;<\/td><td>Syncopation SW hihat 1040g\/1256g<\/td><td>465 e<\/td><td>esittelyk\u00e4ytetty VARATTU<\/td><\/tr><tr><td>15&#8243;<\/td><td>Syncopation hihat 865g\/1076g<\/td><td>465 e<\/td><td>esittelyk\u00e4ytetty<\/td><\/tr><tr><td>15&#8243;<\/td><td>Special3 hihat 785g\/1000g<\/td><td>455 e<\/td><td>esittelyk\u00e4ytetty VARATTU<\/td><\/tr><tr><td>18&#8243;<\/td><td>Special3 china 1240g<\/td><td>430 e<\/td><td>vanha alkuaikojen harvinainen prototyyppi<\/td><\/tr><tr><td><\/td><td><\/td><td><\/td><td><em>lis\u00e4\u00e4 kokoja, malleja ja tyyppej\u00e4 on saatavana tilauksesta<\/em><\/td><\/tr><\/tbody><\/table><\/figure>\n","protected":false},"excerpt":{"rendered":"<p>Syncopation-sarja I Runsas taonta tarjoaa rikkaat yl\u00e4taajuudet ja voimakkaan soinnin. Linjasto on saatavana kahdella eri pintak\u00e4sittelyll\u00e4: perinteiseen tyyliin sorvattu ja hiekkapesumenetelm\u00e4ll\u00e4 k\u00e4sitelty &#8221;SW&#8221; versio. Kumpikin variaatio on toteutettu runsaalla taonnalla ja t\u00e4m\u00e4 antaa n\u00e4ille symbaaleille voimakkaan p\u00e4\u00e4llek\u00e4yv\u00e4n ja moniulotteisilla yl\u00e4taajuuksilla varustetun soinnin. Perinteisesti sorvattu versio soi pidemp\u00e4\u00e4n, kun taas \u201dSW\u201d malli tarjoaa selke\u00e4mm\u00e4n kapulasoinnin erottelevuuden. &hellip; <\/p>\n<p class=\"link-more\"><a href=\"https:\/\/www.bosphorus.fi\/?page_id=79\" class=\"more-link\">Jatka lukemista<span class=\"screen-reader-text\"> &#8221;Syncopation\/Special3&#8221;<\/span><\/a><\/p>\n","protected":false},"author":1,"featured_media":0,"parent":9,"menu_order":0,"comment_status":"closed","ping_status":"closed","template":"page_bosphorus.php","meta":{"_editorskit_title_hidden":false,"_editorskit_reading_time":2,"_editorskit_is_block_options_detached":false,"_editorskit_block_options_position":"{}","footnotes":""},"class_list":["post-79","page","type-page","status-publish","hentry","entry"],"_links":{"self":[{"href":"https:\/\/www.bosphorus.fi\/index.php?rest_route=\/wp\/v2\/pages\/79","targetHints":{"allow":["GET"]}}],"collection":[{"href":"https:\/\/www.bosphorus.fi\/index.php?rest_route=\/wp\/v2\/pages"}],"about":[{"href":"https:\/\/www.bosphorus.fi\/index.php?rest_route=\/wp\/v2\/types\/page"}],"author":[{"embeddable":true,"href":"https:\/\/www.bosphorus.fi\/index.php?rest_route=\/wp\/v2\/users\/1"}],"replies":[{"embeddable":true,"href":"https:\/\/www.bosphorus.fi\/index.php?rest_route=%2Fwp%2Fv2%2Fcomments&post=79"}],"version-history":[{"count":71,"href":"https:\/\/www.bosphorus.fi\/index.php?rest_route=\/wp\/v2\/pages\/79\/revisions"}],"predecessor-version":[{"id":2986,"href":"https:\/\/www.bosphorus.fi\/index.php?rest_route=\/wp\/v2\/pages\/79\/revisions\/2986"}],"up":[{"embeddable":true,"href":"https:\/\/www.bosphorus.fi\/index.php?rest_route=\/wp\/v2\/pages\/9"}],"wp:attachment":[{"href":"https:\/\/www.bosphorus.fi\/index.php?rest_route=%2Fwp%2Fv2%2Fmedia&parent=79"}],"curies":[{"name":"wp","href":"https:\/\/api.w.org\/{rel}","templated":true}]}}