{"id":105,"date":"2019-09-11T19:43:37","date_gmt":"2019-09-11T16:43:37","guid":{"rendered":"http:\/\/192.168.99.100:8000\/?page_id=105"},"modified":"2025-06-05T21:14:30","modified_gmt":"2025-06-05T21:14:30","slug":"snare-ring","status":"publish","type":"page","link":"https:\/\/www.bosphorus.fi\/?page_id=105","title":{"rendered":"Snare Ring"},"content":{"rendered":"\n<p class=\"has-text-align-justify\">Bosphorus Snare Ring on ohuesta symbaaliaihiosta leikattu rengas, joka toimii s\u00e4h\u00e4kk\u00e4n\u00e4 efektin\u00e4 virvelirummun kanssa k\u00e4ytett\u00e4v\u00e4ksi. Snare Ring-efektirenkaat sopivat kooltaan my\u00f6s vanhoihin sis\u00e4\u00e4np\u00e4in taivutettuihin Slingerland-rumpujen vanteisiin.<\/p>\n\n\n<div class=\"wp-block-image\">\n<figure class=\"alignleft\"><img decoding=\"async\" src=\"\/uploads\/images\/SDringPlaywww.jpg\" alt=\"\"\/><figcaption class=\"wp-element-caption\"><strong><span class=\"has-inline-color has-dark-gray-color\">14&#8243; Snare Ring<\/span><\/strong><\/figcaption><\/figure>\n<\/div>\n\n\n<p><\/p>\n\n\n\n<p><br><br><br><br><br><br><br><br><br><br><br><br><br><\/p>\n\n\n\n<p><\/p>\n\n\n\n<p><\/p>\n\n\n\n<figure class=\"wp-block-table alignwide is-style-stripes\"><table><tbody><tr><td><strong>Koko<\/strong><\/td><td><strong><strong>Varastohinta, ei sis\u00e4ll\u00e4 ALVia<\/strong><\/strong><\/td><td><strong>Lis\u00e4tietoja<\/strong><\/td><\/tr><tr><td>14&#8243;<\/td><td>85 e<\/td><td>saatavana tilauksesta \/ Kysy<\/td><\/tr><tr><td>15&#8243;<\/td><td>95 e<\/td><td>esittelyk\u00e4ytetty<\/td><\/tr><tr><td>13&#8243;<\/td><td>75 e<\/td><td>esittelyk\u00e4ytetty<\/td><\/tr><tr><td>12&#8243;<\/td><td>65 e<\/td><td>esittelyk\u00e4ytetty<\/td><\/tr><\/tbody><\/table><\/figure>\n","protected":false},"excerpt":{"rendered":"<p>Bosphorus Snare Ring on ohuesta symbaaliaihiosta leikattu rengas, joka toimii s\u00e4h\u00e4kk\u00e4n\u00e4 efektin\u00e4 virvelirummun kanssa k\u00e4ytett\u00e4v\u00e4ksi. Snare Ring-efektirenkaat sopivat kooltaan my\u00f6s vanhoihin sis\u00e4\u00e4np\u00e4in taivutettuihin Slingerland-rumpujen vanteisiin. Koko Varastohinta, ei sis\u00e4ll\u00e4 ALVia Lis\u00e4tietoja 14&#8243; 85 e saatavana tilauksesta \/ Kysy 15&#8243; 95 e esittelyk\u00e4ytetty 13&#8243; 75 e esittelyk\u00e4ytetty 12&#8243; 65 e esittelyk\u00e4ytetty<\/p>\n","protected":false},"author":1,"featured_media":0,"parent":9,"menu_order":0,"comment_status":"closed","ping_status":"closed","template":"page_bosphorus.php","meta":{"_editorskit_title_hidden":false,"_editorskit_reading_time":1,"_editorskit_is_block_options_detached":false,"_editorskit_block_options_position":"{}","footnotes":""},"class_list":["post-105","page","type-page","status-publish","hentry","entry"],"_links":{"self":[{"href":"https:\/\/www.bosphorus.fi\/index.php?rest_route=\/wp\/v2\/pages\/105","targetHints":{"allow":["GET"]}}],"collection":[{"href":"https:\/\/www.bosphorus.fi\/index.php?rest_route=\/wp\/v2\/pages"}],"about":[{"href":"https:\/\/www.bosphorus.fi\/index.php?rest_route=\/wp\/v2\/types\/page"}],"author":[{"embeddable":true,"href":"https:\/\/www.bosphorus.fi\/index.php?rest_route=\/wp\/v2\/users\/1"}],"replies":[{"embeddable":true,"href":"https:\/\/www.bosphorus.fi\/index.php?rest_route=%2Fwp%2Fv2%2Fcomments&post=105"}],"version-history":[{"count":41,"href":"https:\/\/www.bosphorus.fi\/index.php?rest_route=\/wp\/v2\/pages\/105\/revisions"}],"predecessor-version":[{"id":3023,"href":"https:\/\/www.bosphorus.fi\/index.php?rest_route=\/wp\/v2\/pages\/105\/revisions\/3023"}],"up":[{"embeddable":true,"href":"https:\/\/www.bosphorus.fi\/index.php?rest_route=\/wp\/v2\/pages\/9"}],"wp:attachment":[{"href":"https:\/\/www.bosphorus.fi\/index.php?rest_route=%2Fwp%2Fv2%2Fmedia&parent=105"}],"curies":[{"name":"wp","href":"https:\/\/api.w.org\/{rel}","templated":true}]}}